{"id":1559,"date":"2023-11-03T09:14:25","date_gmt":"2023-11-03T09:14:25","guid":{"rendered":"https:\/\/straye.no\/?post_type=referanser&#038;p=1559"},"modified":"2024-09-27T10:55:11","modified_gmt":"2024-09-27T10:55:11","slug":"sportholding","status":"publish","type":"referanser","link":"https:\/\/straye.no\/sv\/referanser\/stalbygg\/sportholding\/","title":{"rendered":"Sport Holding"},"content":{"rendered":"<p>Det nya \u00d8stfoldsjukhuset p\u00e5 Kalnes i Sarpsborg har slutf\u00f6rts med skyh\u00f6ga ambitioner n\u00e4r det g\u00e4ller framsteg, kvalitet och s\u00e4kerhet. Trots utmanande f\u00f6rh\u00e5llanden har det enorma projektet slutf\u00f6rts snabbare, billigare och b\u00e4ttre \u00e4n vad som ursprungligen planerades.<\/p>\n<p><strong>BYGGHERRE<\/strong><br \/>\nStatsbygg<\/p>\n<p><strong>PROSJEKTUTVIKLER<\/strong><br \/>\nAF-gruppen<\/p>\n<p><strong>ENTREPEN\u00d8R<\/strong><br \/>\nAF-gruppen<\/p>","protected":false},"template":"","firmaer":[10],"class_list":["post-1559","referanser","type-referanser","status-publish","hentry","firmaer-stalbygg","no-post-thumbnail"],"acf":{"hovedbilde":1987,"ingress":"Straye St\u00e5lbygg har st\u00e5tt for r\u00e5bygg, glass og fasader p\u00e5 det nye logistikksenteret og hovedkontoret for Sport Holding p\u00e5 Gardermoen.","bakgrunn_forside_slider":311,"bilde_ikoner_forside":840,"promo_title":"Nytt hovedkontor og lager","forside_kort_ingress":"Bygget er p\u00e5 hele 36.500 m\u00b2","Intro":"Sport Holding-konsernet best\u00e5r av: Sport 1, Intersport, Anton Sport, L\u00f6plabbet, Sportsnett, Skandinavisk H\u00f8yfjellsutstyr og Bergans.","innhold":"<div class=\"\">\r\n\r\nStraye St\u00e5lbygg har p\u00e5 dette prosjektet v\u00e6rt leverand\u00f8r til totalentrepen\u00f8r <a href=\"https:\/\/www.abygg.no\/\">A-Bygg AS<\/a>.\r\n\r\nDet nye bygget best\u00e5r av <strong>36.500<\/strong> kvadratmeter med lager- og kontorarealer, fordelt p\u00e5 to etasjer. Lageret var innflytningsklart 1. juli og kontorarealene sto klare 1. oktober. I alt skal over 230 personer ha det nye bygget som arbeidsplass. Kontoromr\u00e5dene er p\u00e5 <strong>6.500<\/strong> kvadratmeter, og inneholder alt fra resepsjon, kontorer, stillerom og multirom til et messeareal med m\u00f8terom og styrerom.\r\n\r\n&nbsp;\r\n\r\n<b>Robotstyring\r\n<\/b>For \u00e5 effektivisere lagerdriften er det installert et Autostore-anlegg, med 60 batteridrevne roboter som sorterer og plukker ut kasser med varer. I alt inneholder anlegget 105.000 kasser, og vil etter hvert \u00f8ke til 140.000 kasser.\r\n\r\n&nbsp;\r\n\r\n<b>Milj\u00f8sertifisering\r\n<\/b>Det er lagt vekt p\u00e5 milj\u00f8vennlige l\u00f8sninger og bygget er prosjektert til Breeam- sertifiseringsniv\u00e5et Very Good. Det er blant annet er bygd solcelleanlegg p\u00e5 taket, som produserer 204 kilowattpeak, og at parkeringsplassen p\u00e5 anlegget i alt har 60 elbilladere. I tillegg er det mange sykkelparkeringsplasser med lademuligheter.\r\n\r\n&nbsp;\r\n\r\n<a href=\"https:\/\/sportholding.no\/\">Sport Holding<\/a>\u00a0 \u00a0 <a href=\"https:\/\/fabritius.no\/\">Fabritius Gruppen<\/a>\u00a0 \u00a0 <a href=\"https:\/\/www.abygg.no\/\">A Bygg<\/a>\r\n\r\n&nbsp;\r\n\r\n<\/div>","cards":[{"ikon":199,"tittel":"Byggherre","tekst":"Fabritius Gruppen AS"},{"ikon":199,"tittel":"Totalentrepen\u00f8r","tekst":"A-bygg"},{"ikon":199,"tittel":"Arkitekt","tekst":"Astrup og Hellern"},{"ikon":199,"tittel":"Sted","tekst":"Gardermoen"}],"galleri":[{"bilder":2067},{"bilder":2072},{"bilder":2074},{"bilder":2076},{"bilder":2077},{"bilder":2070},{"bilder":2078},{"bilder":2073},{"bilder":1558},{"bilder":1557},{"bilder":1555},{"bilder":1545},{"bilder":1546},{"bilder":1543},{"bilder":1554},{"bilder":1551},{"bilder":1553},{"bilder":1547},{"bilder":1549},{"bilder":1550},{"bilder":1548}]},"yoast_head":"<!-- This site is optimized with the Yoast SEO plugin v27.4 - https:\/\/yoast.com\/product\/yoast-seo-wordpress\/ -->\n<title>Sport Holding - Straye St\u00e5lbygg<\/title>\n<meta name=\"description\" content=\"Straye St\u00e5lbygg har st\u00e5tt for r\u00e5bygg, glass og fasader p\u00e5 det nye logistikksenteret og hovedkontoret for Sport Holding p\u00e5 Gardermoen.\" \/>\n<meta name=\"robots\" content=\"index, follow, max-snippet:-1, max-image-preview:large, max-video-preview:-1\" \/>\n<link rel=\"canonical\" href=\"https:\/\/straye.no\/sv\/referanser\/stalbygg\/sportholding\/\" \/>\n<meta property=\"og:locale\" content=\"sv_SE\" \/>\n<meta property=\"og:type\" content=\"article\" \/>\n<meta property=\"og:title\" content=\"Nytt hovedkontor for Sport Holding\" \/>\n<meta property=\"og:description\" content=\"Straye St\u00e5lbygg har st\u00e5tt for r\u00e5bygg, glass og fasader p\u00e5 det nye logistikksenteret og hovedkontoret for Sport Holding p\u00e5 Gardermoen.\" \/>\n<meta property=\"og:url\" content=\"https:\/\/straye.no\/sv\/referanser\/stalbygg\/sportholding\/\" \/>\n<meta property=\"og:site_name\" content=\"Straye\" \/>\n<meta property=\"article:modified_time\" content=\"2024-09-27T10:55:11+00:00\" \/>\n<meta property=\"og:image\" content=\"https:\/\/straye.no\/wp-content\/uploads\/2023\/11\/SportHolding_toppslider_v3-scaled.jpg\" \/>\n\t<meta property=\"og:image:width\" content=\"2560\" \/>\n\t<meta property=\"og:image:height\" content=\"1185\" \/>\n\t<meta property=\"og:image:type\" content=\"image\/jpeg\" \/>\n<meta name=\"twitter:card\" content=\"summary_large_image\" \/>\n<meta name=\"twitter:label1\" content=\"Ber\u00e4knad l\u00e4stid\" \/>\n\t<meta name=\"twitter:data1\" content=\"1 minut\" \/>\n<script type=\"application\/ld+json\" class=\"yoast-schema-graph\">{\"@context\":\"https:\\\/\\\/schema.org\",\"@graph\":[{\"@type\":\"WebPage\",\"@id\":\"https:\\\/\\\/straye.no\\\/referanser\\\/stalbygg\\\/sportholding\\\/\",\"url\":\"https:\\\/\\\/straye.no\\\/referanser\\\/stalbygg\\\/sportholding\\\/\",\"name\":\"Sport Holding - Straye St\u00e5lbygg\",\"isPartOf\":{\"@id\":\"https:\\\/\\\/straye.no\\\/#website\"},\"datePublished\":\"2023-11-03T09:14:25+00:00\",\"dateModified\":\"2024-09-27T10:55:11+00:00\",\"description\":\"Straye St\u00e5lbygg har st\u00e5tt for r\u00e5bygg, glass og fasader p\u00e5 det nye logistikksenteret og hovedkontoret for Sport Holding p\u00e5 Gardermoen.\",\"breadcrumb\":{\"@id\":\"https:\\\/\\\/straye.no\\\/referanser\\\/stalbygg\\\/sportholding\\\/#breadcrumb\"},\"inLanguage\":\"sv-SE\",\"potentialAction\":[{\"@type\":\"ReadAction\",\"target\":[\"https:\\\/\\\/straye.no\\\/referanser\\\/stalbygg\\\/sportholding\\\/\"]}]},{\"@type\":\"BreadcrumbList\",\"@id\":\"https:\\\/\\\/straye.no\\\/referanser\\\/stalbygg\\\/sportholding\\\/#breadcrumb\",\"itemListElement\":[{\"@type\":\"ListItem\",\"position\":1,\"name\":\"Hjem\",\"item\":\"https:\\\/\\\/straye.no\\\/\"},{\"@type\":\"ListItem\",\"position\":2,\"name\":\"Referanser\",\"item\":\"https:\\\/\\\/straye.no\\\/referanser\\\/\"},{\"@type\":\"ListItem\",\"position\":3,\"name\":\"Sport Holding\"}]},{\"@type\":\"WebSite\",\"@id\":\"https:\\\/\\\/straye.no\\\/#website\",\"url\":\"https:\\\/\\\/straye.no\\\/\",\"name\":\"Straye Gruppen AS\",\"description\":\"Straye\",\"potentialAction\":[{\"@type\":\"SearchAction\",\"target\":{\"@type\":\"EntryPoint\",\"urlTemplate\":\"https:\\\/\\\/straye.no\\\/?s={search_term_string}\"},\"query-input\":{\"@type\":\"PropertyValueSpecification\",\"valueRequired\":true,\"valueName\":\"search_term_string\"}}],\"inLanguage\":\"sv-SE\"}]}<\/script>\n<!-- \/ Yoast SEO plugin. -->","yoast_head_json":{"title":"Sport Holding - Straye St\u00e5lbygg","description":"Straye St\u00e5lbygg har ansvarat f\u00f6r skal, glas och fasader p\u00e5 det nya logistikcentret och huvudkontoret f\u00f6r Sport Holding p\u00e5 Gardermoen.","robots":{"index":"index","follow":"follow","max-snippet":"max-snippet:-1","max-image-preview":"max-image-preview:large","max-video-preview":"max-video-preview:-1"},"canonical":"https:\/\/straye.no\/sv\/referanser\/stalbygg\/sportholding\/","og_locale":"sv_SE","og_type":"article","og_title":"Nytt hovedkontor for Sport Holding","og_description":"Straye St\u00e5lbygg har st\u00e5tt for r\u00e5bygg, glass og fasader p\u00e5 det nye logistikksenteret og hovedkontoret for Sport Holding p\u00e5 Gardermoen.","og_url":"https:\/\/straye.no\/sv\/referanser\/stalbygg\/sportholding\/","og_site_name":"Straye","article_modified_time":"2024-09-27T10:55:11+00:00","og_image":[{"width":2560,"height":1185,"url":"https:\/\/straye.no\/wp-content\/uploads\/2023\/11\/SportHolding_toppslider_v3-scaled.jpg","type":"image\/jpeg"}],"twitter_card":"summary_large_image","twitter_misc":{"Ber\u00e4knad l\u00e4stid":"1 minut"},"schema":{"@context":"https:\/\/schema.org","@graph":[{"@type":"WebPage","@id":"https:\/\/straye.no\/referanser\/stalbygg\/sportholding\/","url":"https:\/\/straye.no\/referanser\/stalbygg\/sportholding\/","name":"Sport Holding - Straye St\u00e5lbygg","isPartOf":{"@id":"https:\/\/straye.no\/#website"},"datePublished":"2023-11-03T09:14:25+00:00","dateModified":"2024-09-27T10:55:11+00:00","description":"Straye St\u00e5lbygg har ansvarat f\u00f6r skal, glas och fasader p\u00e5 det nya logistikcentret och huvudkontoret f\u00f6r Sport Holding p\u00e5 Gardermoen.","breadcrumb":{"@id":"https:\/\/straye.no\/referanser\/stalbygg\/sportholding\/#breadcrumb"},"inLanguage":"sv-SE","potentialAction":[{"@type":"ReadAction","target":["https:\/\/straye.no\/referanser\/stalbygg\/sportholding\/"]}]},{"@type":"BreadcrumbList","@id":"https:\/\/straye.no\/referanser\/stalbygg\/sportholding\/#breadcrumb","itemListElement":[{"@type":"ListItem","position":1,"name":"Hjem","item":"https:\/\/straye.no\/"},{"@type":"ListItem","position":2,"name":"Referanser","item":"https:\/\/straye.no\/referanser\/"},{"@type":"ListItem","position":3,"name":"Sport Holding"}]},{"@type":"WebSite","@id":"https:\/\/straye.no\/#website","url":"https:\/\/straye.no\/","name":"Straye Group AS","description":"Straye","potentialAction":[{"@type":"SearchAction","target":{"@type":"EntryPoint","urlTemplate":"https:\/\/straye.no\/?s={search_term_string}"},"query-input":{"@type":"PropertyValueSpecification","valueRequired":true,"valueName":"search_term_string"}}],"inLanguage":"sv-SE"}]}},"_links":{"self":[{"href":"https:\/\/straye.no\/sv\/wp-json\/wp\/v2\/referanser\/1559","targetHints":{"allow":["GET"]}}],"collection":[{"href":"https:\/\/straye.no\/sv\/wp-json\/wp\/v2\/referanser"}],"about":[{"href":"https:\/\/straye.no\/sv\/wp-json\/wp\/v2\/types\/referanser"}],"wp:attachment":[{"href":"https:\/\/straye.no\/sv\/wp-json\/wp\/v2\/media?parent=1559"}],"wp:term":[{"taxonomy":"firmaer","embeddable":true,"href":"https:\/\/straye.no\/sv\/wp-json\/wp\/v2\/firmaer?post=1559"}],"curies":[{"name":"wp","href":"https:\/\/api.w.org\/{rel}","templated":true}]}}

<p>Det nya Østfoldsjukhuset på Kalnes i Sarpsborg har slutförts med skyhöga ambitioner när det gäller framsteg, kvalitet och säkerhet. Trots utmanande förhållanden har det enorma projektet slutförts snabbare, billigare och bättre än vad som ursprungligen planerades.</p>
<p><strong>BYGGHERRE</strong><br />
Statsbygg</p>
<p><strong>PROSJEKTUTVIKLER</strong><br />
AF-gruppen</p>
<p><strong>ENTREPENØR</strong><br />
AF-gruppen</p>

Straye Stålbygg har stått for råbygg, glass og fasader på det nye logistikksenteret og hovedkontoret for Sport Holding på Gardermoen.

Bygget er på hele 36.500 m²

Sport Holding-konsernet består av: Sport 1, Intersport, Anton Sport, Löplabbet, Sportsnett, Skandinavisk Høyfjellsutstyr og Bergans.

<div class="">

Straye Stålbygg har på dette prosjektet vært leverandør til totalentrepenør <a href="https://www.abygg.no/">A-Bygg AS</a>.

Det nye bygget består av <strong>36.500</strong> kvadratmeter med lager- og kontorarealer, fordelt på to etasjer. Lageret var innflytningsklart 1. juli og kontorarealene sto klare 1. oktober. I alt skal over 230 personer ha det nye bygget som arbeidsplass. Kontorområdene er på <strong>6.500</strong> kvadratmeter, og inneholder alt fra resepsjon, kontorer, stillerom og multirom til et messeareal med møterom og styrerom.

&nbsp;

<b>Robotstyring
</b>For å effektivisere lagerdriften er det installert et Autostore-anlegg, med 60 batteridrevne roboter som sorterer og plukker ut kasser med varer. I alt inneholder anlegget 105.000 kasser, og vil etter hvert øke til 140.000 kasser.

&nbsp;

<b>Miljøsertifisering
</b>Det er lagt vekt på miljøvennlige løsninger og bygget er prosjektert til Breeam- sertifiseringsnivået Very Good. Det er blant annet er bygd solcelleanlegg på taket, som produserer 204 kilowattpeak, og at parkeringsplassen på anlegget i alt har 60 elbilladere. I tillegg er det mange sykkelparkeringsplasser med lademuligheter.

&nbsp;

<a href="https://sportholding.no/">Sport Holding</a>    <a href="https://fabritius.no/">Fabritius Gruppen</a>    <a href="https://www.abygg.no/">A Bygg</a>

&nbsp;

</div>

Totalentrepenør

<!-- This site is optimized with the Yoast SEO plugin v27.4 - https://yoast.com/product/yoast-seo-wordpress/ -->
<title>Sport Holding - Straye Stålbygg</title>
<meta name="description" content="Straye Stålbygg har stått for råbygg, glass og fasader på det nye logistikksenteret og hovedkontoret for Sport Holding på Gardermoen." />
<meta name="robots" content="index, follow, max-snippet:-1, max-image-preview:large, max-video-preview:-1" />
<link rel="canonical" href="https://straye.no/sv/referanser/stalbygg/sportholding/" />
<meta property="og:locale" content="sv_SE" />
<meta property="og:type" content="article" />
<meta property="og:title" content="Nytt hovedkontor for Sport Holding" />
<meta property="og:description" content="Straye Stålbygg har stått for råbygg, glass og fasader på det nye logistikksenteret og hovedkontoret for Sport Holding på Gardermoen." />
<meta property="og:url" content="https://straye.no/sv/referanser/stalbygg/sportholding/" />
<meta property="og:site_name" content="Straye" />
<meta property="article:modified_time" content="2024-09-27T10:55:11+00:00" />
<meta property="og:image" content="https://straye.no/wp-content/uploads/2023/11/SportHolding_toppslider_v3-scaled.jpg" />
	<meta property="og:image:width" content="2560" />
	<meta property="og:image:height" content="1185" />
	<meta property="og:image:type" content="image/jpeg" />
<meta name="twitter:card" content="summary_large_image" />
<meta name="twitter:label1" content="Beräknad lästid" />
	<meta name="twitter:data1" content="1 minut" />
<script type="application/ld+json" class="yoast-schema-graph">{"@context":"https:\/\/schema.org","@graph":[{"@type":"WebPage","@id":"https:\/\/straye.no\/referanser\/stalbygg\/sportholding\/","url":"https:\/\/straye.no\/referanser\/stalbygg\/sportholding\/","name":"Sport Holding - Straye Stålbygg","isPartOf":{"@id":"https:\/\/straye.no\/#website"},"datePublished":"2023-11-03T09:14:25+00:00","dateModified":"2024-09-27T10:55:11+00:00","description":"Straye Stålbygg har stått for råbygg, glass og fasader på det nye logistikksenteret og hovedkontoret for Sport Holding på Gardermoen.","breadcrumb":{"@id":"https:\/\/straye.no\/referanser\/stalbygg\/sportholding\/#breadcrumb"},"inLanguage":"sv-SE","potentialAction":[{"@type":"ReadAction","target":["https:\/\/straye.no\/referanser\/stalbygg\/sportholding\/"]}]},{"@type":"BreadcrumbList","@id":"https:\/\/straye.no\/referanser\/stalbygg\/sportholding\/#breadcrumb","itemListElement":[{"@type":"ListItem","position":1,"name":"Hjem","item":"https:\/\/straye.no\/"},{"@type":"ListItem","position":2,"name":"Referanser","item":"https:\/\/straye.no\/referanser\/"},{"@type":"ListItem","position":3,"name":"Sport Holding"}]},{"@type":"WebSite","@id":"https:\/\/straye.no\/#website","url":"https:\/\/straye.no\/","name":"Straye Gruppen AS","description":"Straye","potentialAction":[{"@type":"SearchAction","target":{"@type":"EntryPoint","urlTemplate":"https:\/\/straye.no\/?s={search_term_string}"},"query-input":{"@type":"PropertyValueSpecification","valueRequired":true,"valueName":"search_term_string"}}],"inLanguage":"sv-SE"}]}</script>
<!-- / Yoast SEO plugin. -->

Sport Holding - Straye Stålbygg

Straye Stålbygg har ansvarat för skal, glas och fasader på det nya logistikcentret och huvudkontoret för Sport Holding på Gardermoen.
