{"id":2338,"date":"2025-02-19T09:46:55","date_gmt":"2025-02-19T09:46:55","guid":{"rendered":"https:\/\/straye.no\/?page_id=2338"},"modified":"2025-05-07T09:02:56","modified_gmt":"2025-05-07T09:02:56","slug":"industri","status":"publish","type":"page","link":"https:\/\/straye.no\/sv\/feed-sharepoint\/industri\/","title":{"rendered":"Industri"},"content":{"rendered":"<div id=\"cs-content\" class=\"cs-content\"><div class=\"x-section e2338-e1 m1sy-0\"><div class=\"x-row e2338-e2 m1sy-4 m1sy-5\"><div class=\"x-row-inner\"><a class=\"x-col e2338-e3 m1sy-6 m1sy-1 m1sy-2\" href=\"https:\/\/straye.no\/sv\/aktuelt\/nyttarshilsen2026\/\" data-x-effect-provider=\"colors particles effects\" data-x-effect=\"{&quot;durationBase&quot;:&quot;400ms&quot;}\"><figure class=\"x-div e2338-e4 m1sy-7 m1sy-8\"><span class=\"x-image e2338-e5 m1sy-a\"><img decoding=\"async\" src=\"https:\/\/straye.no\/wp-content\/uploads\/2025\/12\/StrayeFyrverkeri-scaled.jpg\" width=\"1280\" height=\"300\" alt=\"Featured image for \u201cGodt nytt \u00e5r fra Straye!\u201d\" loading=\"lazy\"><\/span><\/figure><article class=\"x-div e2338-e6 m1sy-8 m1sy-9\"><div class=\"x-text x-text-headline e2338-e7 m1sy-b m1sy-1 m1sy-3\"><div class=\"x-text-content\"><div class=\"x-text-content-text\"><h2 class=\"x-text-content-text-primary\">Gott nytt \u00e5r fr\u00e5n Straye!<\/h2>\n<\/div><\/div><\/div><div class=\"x-text x-content e2338-e8 m1sy-c\">2025 har varit ett tufft \u00e5r f\u00f6r m\u00e5nga entrepren\u00f6rer i branschen. Men Straye - genom Straye St\u00e5lbygg, Straye Hybridbygg,...<\/div><\/article><\/a><a class=\"x-col e2338-e3 m1sy-6 m1sy-1 m1sy-2\" href=\"https:\/\/straye.no\/sv\/aktuelt\/pl_tettbyggentrepriser\/\" data-x-effect-provider=\"colors particles effects\" data-x-effect=\"{&quot;durationBase&quot;:&quot;400ms&quot;}\"><figure class=\"x-div e2338-e4 m1sy-7 m1sy-8\"><span class=\"x-image e2338-e5 m1sy-a\"><img decoding=\"async\" src=\"https:\/\/straye.no\/wp-content\/uploads\/2025\/03\/Straye_prosjektleder-scaled.jpg\" width=\"1280\" height=\"322\" alt=\"Featured image for \u201cProsjektleder Tettbygg entrepriser Straye Gruppen\u201d\" loading=\"lazy\"><\/span><\/figure><article class=\"x-div e2338-e6 m1sy-8 m1sy-9\"><div class=\"x-text x-text-headline e2338-e7 m1sy-b m1sy-1 m1sy-3\"><div class=\"x-text-content\"><div class=\"x-text-content-text\"><h2 class=\"x-text-content-text-primary\">Projektledare, t\u00e4ta byggentreprenader, Straye Gruppen<\/h2>\n<\/div><\/div><\/div><div class=\"x-text x-content e2338-e8 m1sy-c\">Ledigt jobb Straye Gruppen AS grundades 2007. Sedan dess har f\u00f6retaget vuxit till 150 anst\u00e4llda, och...<\/div><\/article><\/a><a class=\"x-col e2338-e3 m1sy-6 m1sy-1 m1sy-2\" href=\"https:\/\/straye.no\/sv\/aktuelt\/godt-nytt-fra-straye-industri\/\" data-x-effect-provider=\"colors particles effects\" data-x-effect=\"{&quot;durationBase&quot;:&quot;400ms&quot;}\"><figure class=\"x-div e2338-e4 m1sy-7 m1sy-8\"><span class=\"x-image e2338-e5 m1sy-a\"><img decoding=\"async\" src=\"https:\/\/straye.no\/wp-content\/uploads\/2024\/09\/Morrow_Toppbilde_2024.jpg\" width=\"1183\" height=\"438\" alt=\"Featured image for \u201cGodt nytt fra Straye Industri\u201d\" loading=\"lazy\"><\/span><\/figure><article class=\"x-div e2338-e6 m1sy-8 m1sy-9\"><div class=\"x-text x-text-headline e2338-e7 m1sy-b m1sy-1 m1sy-3\"><div class=\"x-text-content\"><div class=\"x-text-content-text\"><h2 class=\"x-text-content-text-primary\">Goda nyheter fr\u00e5n Straye Industri<\/h2>\n<\/div><\/div><\/div><div class=\"x-text x-content e2338-e8 m1sy-c\">Vi g\u00e5r nu in i 2025 med stor entusiasm och sp\u00e4nning inf\u00f6r ett vackert genomf\u00f6rt 2024 fyllt av m\u00e5nga...<\/div><\/article><\/a><\/div><\/div><\/div><\/div>","protected":false},"excerpt":{"rendered":"<p>Gott nytt \u00e5r fr\u00e5n Straye! 2025 har varit ett tufft \u00e5r f\u00f6r m\u00e5nga entrepren\u00f6rer i branschen. Trots detta har Straye - genom Straye St\u00e5lbygg, Straye Hybridbygg,...Projektledare, t\u00e4ta byggentreprenader Straye Gruppen Position vacant Straye Gruppen AS grundades 2007. Sedan dess har f\u00f6retaget vuxit till 150 anst\u00e4llda och...Goda nyheter fr\u00e5n Straye Industri Vi g\u00e5r nu in i 2025 med ett stort... <\/p>\n<div><a href=\"https:\/\/straye.no\/sv\/feed-sharepoint\/industri\/\" class=\"more-link\">L\u00e4s mer om<\/a><\/div>","protected":false},"author":1,"featured_media":0,"parent":2324,"menu_order":0,"comment_status":"closed","ping_status":"closed","template":"template-blank-6.php","meta":{"_acf_changed":false,"inline_featured_image":false,"footnotes":""},"tags":[],"firmaer":[],"class_list":["post-2338","page","type-page","status-publish","hentry","no-post-thumbnail"],"acf":[],"yoast_head":"<!-- This site is optimized with the Yoast SEO plugin v27.5 - https:\/\/yoast.com\/product\/yoast-seo-wordpress\/ -->\n<title>Industri - Straye<\/title>\n<meta name=\"robots\" content=\"noindex, follow\" \/>\n<meta property=\"og:locale\" content=\"sv_SE\" \/>\n<meta property=\"og:type\" content=\"article\" \/>\n<meta property=\"og:title\" content=\"Industri - Straye\" \/>\n<meta property=\"og:description\" content=\"Godt nytt \u00e5r fra Straye! 2025 har v\u00e6rt et t\u00f8ft \u00e5r for mange entrepren\u00f8rer i bransjen. Likevel har Straye \u2013 gjennom Straye St\u00e5lbygg, Straye Hybridbygg,\u2026Prosjektleder Tettbygg entrepriser Straye Gruppen Stilling ledig Straye Gruppen AS ble etablert i 2007. Siden den gang har selskapet utviklet seg til 150 ansatte, og\u2026Godt nytt fra Straye Industri Vi g\u00e5r n\u00e5 inn i 2025 med ... Read More\" \/>\n<meta property=\"og:url\" content=\"https:\/\/straye.no\/sv\/feed-sharepoint\/industri\/\" \/>\n<meta property=\"og:site_name\" content=\"Straye\" \/>\n<meta property=\"article:modified_time\" content=\"2025-05-07T09:02:56+00:00\" \/>\n<meta name=\"twitter:card\" content=\"summary_large_image\" \/>\n<meta name=\"twitter:label1\" content=\"Ber\u00e4knad l\u00e4stid\" \/>\n\t<meta name=\"twitter:data1\" content=\"2 minuter\" \/>\n<script type=\"application\/ld+json\" class=\"yoast-schema-graph\">{\"@context\":\"https:\\\/\\\/schema.org\",\"@graph\":[{\"@type\":\"WebPage\",\"@id\":\"https:\\\/\\\/straye.no\\\/feed-sharepoint\\\/industri\\\/\",\"url\":\"https:\\\/\\\/straye.no\\\/feed-sharepoint\\\/industri\\\/\",\"name\":\"Industri - Straye\",\"isPartOf\":{\"@id\":\"https:\\\/\\\/straye.no\\\/#website\"},\"datePublished\":\"2025-02-19T09:46:55+00:00\",\"dateModified\":\"2025-05-07T09:02:56+00:00\",\"breadcrumb\":{\"@id\":\"https:\\\/\\\/straye.no\\\/feed-sharepoint\\\/industri\\\/#breadcrumb\"},\"inLanguage\":\"sv-SE\",\"potentialAction\":[{\"@type\":\"ReadAction\",\"target\":[\"https:\\\/\\\/straye.no\\\/feed-sharepoint\\\/industri\\\/\"]}]},{\"@type\":\"BreadcrumbList\",\"@id\":\"https:\\\/\\\/straye.no\\\/feed-sharepoint\\\/industri\\\/#breadcrumb\",\"itemListElement\":[{\"@type\":\"ListItem\",\"position\":1,\"name\":\"Hjem\",\"item\":\"https:\\\/\\\/straye.no\\\/\"},{\"@type\":\"ListItem\",\"position\":2,\"name\":\"Feed\",\"item\":\"https:\\\/\\\/straye.no\\\/feed-sharepoint\\\/\"},{\"@type\":\"ListItem\",\"position\":3,\"name\":\"Industri\"}]},{\"@type\":\"WebSite\",\"@id\":\"https:\\\/\\\/straye.no\\\/#website\",\"url\":\"https:\\\/\\\/straye.no\\\/\",\"name\":\"Straye Gruppen AS\",\"description\":\"Straye\",\"potentialAction\":[{\"@type\":\"SearchAction\",\"target\":{\"@type\":\"EntryPoint\",\"urlTemplate\":\"https:\\\/\\\/straye.no\\\/?s={search_term_string}\"},\"query-input\":{\"@type\":\"PropertyValueSpecification\",\"valueRequired\":true,\"valueName\":\"search_term_string\"}}],\"inLanguage\":\"sv-SE\"}]}<\/script>\n<!-- \/ Yoast SEO plugin. -->","yoast_head_json":{"title":"Industri - Straye","robots":{"index":"noindex","follow":"follow"},"og_locale":"sv_SE","og_type":"article","og_title":"Industri - Straye","og_description":"Godt nytt \u00e5r fra Straye! 2025 har v\u00e6rt et t\u00f8ft \u00e5r for mange entrepren\u00f8rer i bransjen. Likevel har Straye \u2013 gjennom Straye St\u00e5lbygg, Straye Hybridbygg,\u2026Prosjektleder Tettbygg entrepriser Straye Gruppen Stilling ledig Straye Gruppen AS ble etablert i 2007. Siden den gang har selskapet utviklet seg til 150 ansatte, og\u2026Godt nytt fra Straye Industri Vi g\u00e5r n\u00e5 inn i 2025 med ... Read More","og_url":"https:\/\/straye.no\/sv\/feed-sharepoint\/industri\/","og_site_name":"Straye","article_modified_time":"2025-05-07T09:02:56+00:00","twitter_card":"summary_large_image","twitter_misc":{"Ber\u00e4knad l\u00e4stid":"2 minuter"},"schema":{"@context":"https:\/\/schema.org","@graph":[{"@type":"WebPage","@id":"https:\/\/straye.no\/feed-sharepoint\/industri\/","url":"https:\/\/straye.no\/feed-sharepoint\/industri\/","name":"Industri - Straye","isPartOf":{"@id":"https:\/\/straye.no\/#website"},"datePublished":"2025-02-19T09:46:55+00:00","dateModified":"2025-05-07T09:02:56+00:00","breadcrumb":{"@id":"https:\/\/straye.no\/feed-sharepoint\/industri\/#breadcrumb"},"inLanguage":"sv-SE","potentialAction":[{"@type":"ReadAction","target":["https:\/\/straye.no\/feed-sharepoint\/industri\/"]}]},{"@type":"BreadcrumbList","@id":"https:\/\/straye.no\/feed-sharepoint\/industri\/#breadcrumb","itemListElement":[{"@type":"ListItem","position":1,"name":"Hjem","item":"https:\/\/straye.no\/"},{"@type":"ListItem","position":2,"name":"Feed","item":"https:\/\/straye.no\/feed-sharepoint\/"},{"@type":"ListItem","position":3,"name":"Industri"}]},{"@type":"WebSite","@id":"https:\/\/straye.no\/#website","url":"https:\/\/straye.no\/","name":"Straye Group AS","description":"Straye","potentialAction":[{"@type":"SearchAction","target":{"@type":"EntryPoint","urlTemplate":"https:\/\/straye.no\/?s={search_term_string}"},"query-input":{"@type":"PropertyValueSpecification","valueRequired":true,"valueName":"search_term_string"}}],"inLanguage":"sv-SE"}]}},"_links":{"self":[{"href":"https:\/\/straye.no\/sv\/wp-json\/wp\/v2\/pages\/2338","targetHints":{"allow":["GET"]}}],"collection":[{"href":"https:\/\/straye.no\/sv\/wp-json\/wp\/v2\/pages"}],"about":[{"href":"https:\/\/straye.no\/sv\/wp-json\/wp\/v2\/types\/page"}],"author":[{"embeddable":true,"href":"https:\/\/straye.no\/sv\/wp-json\/wp\/v2\/users\/1"}],"replies":[{"embeddable":true,"href":"https:\/\/straye.no\/sv\/wp-json\/wp\/v2\/comments?post=2338"}],"version-history":[{"count":3,"href":"https:\/\/straye.no\/sv\/wp-json\/wp\/v2\/pages\/2338\/revisions"}],"predecessor-version":[{"id":2341,"href":"https:\/\/straye.no\/sv\/wp-json\/wp\/v2\/pages\/2338\/revisions\/2341"}],"up":[{"embeddable":true,"href":"https:\/\/straye.no\/sv\/wp-json\/wp\/v2\/pages\/2324"}],"wp:attachment":[{"href":"https:\/\/straye.no\/sv\/wp-json\/wp\/v2\/media?parent=2338"}],"wp:term":[{"taxonomy":"post_tag","embeddable":true,"href":"https:\/\/straye.no\/sv\/wp-json\/wp\/v2\/tags?post=2338"},{"taxonomy":"firmaer","embeddable":true,"href":"https:\/\/straye.no\/sv\/wp-json\/wp\/v2\/firmaer?post=2338"}],"curies":[{"name":"wp","href":"https:\/\/api.w.org\/{rel}","templated":true}]}}

<div id="cs-content" class="cs-content"><div class="x-section e2338-e1 m1sy-0"><div class="x-row e2338-e2 m1sy-4 m1sy-5"><div class="x-row-inner"><a class="x-col e2338-e3 m1sy-6 m1sy-1 m1sy-2" href="https://straye.no/sv/aktuelt/nyttarshilsen2026/" data-x-effect-provider="colors particles effects" data-x-effect="{&quot;durationBase&quot;:&quot;400ms&quot;}"><figure class="x-div e2338-e4 m1sy-7 m1sy-8"><span class="x-image e2338-e5 m1sy-a"><img decoding="async" src="https://straye.no/wp-content/uploads/2025/12/StrayeFyrverkeri-scaled.jpg" width="1280" height="300" alt="Featured image for “Godt nytt år fra Straye!”" loading="lazy"></span></figure><article class="x-div e2338-e6 m1sy-8 m1sy-9"><div class="x-text x-text-headline e2338-e7 m1sy-b m1sy-1 m1sy-3"><div class="x-text-content"><div class="x-text-content-text"><h2 class="x-text-content-text-primary">Gott nytt år från Straye!</h2>
</div></div></div><div class="x-text x-content e2338-e8 m1sy-c">2025 har varit ett tufft år för många entreprenörer i branschen. Men Straye - genom Straye Stålbygg, Straye Hybridbygg,...</div></article></a><a class="x-col e2338-e3 m1sy-6 m1sy-1 m1sy-2" href="https://straye.no/sv/aktuelt/pl_tettbyggentrepriser/" data-x-effect-provider="colors particles effects" data-x-effect="{&quot;durationBase&quot;:&quot;400ms&quot;}"><figure class="x-div e2338-e4 m1sy-7 m1sy-8"><span class="x-image e2338-e5 m1sy-a"><img decoding="async" src="https://straye.no/wp-content/uploads/2025/03/Straye_prosjektleder-scaled.jpg" width="1280" height="322" alt="Featured image for “Prosjektleder Tettbygg entrepriser Straye Gruppen”" loading="lazy"></span></figure><article class="x-div e2338-e6 m1sy-8 m1sy-9"><div class="x-text x-text-headline e2338-e7 m1sy-b m1sy-1 m1sy-3"><div class="x-text-content"><div class="x-text-content-text"><h2 class="x-text-content-text-primary">Projektledare, täta byggentreprenader, Straye Gruppen</h2>
</div></div></div><div class="x-text x-content e2338-e8 m1sy-c">Ledigt jobb Straye Gruppen AS grundades 2007. Sedan dess har företaget vuxit till 150 anställda, och...</div></article></a><a class="x-col e2338-e3 m1sy-6 m1sy-1 m1sy-2" href="https://straye.no/sv/aktuelt/godt-nytt-fra-straye-industri/" data-x-effect-provider="colors particles effects" data-x-effect="{&quot;durationBase&quot;:&quot;400ms&quot;}"><figure class="x-div e2338-e4 m1sy-7 m1sy-8"><span class="x-image e2338-e5 m1sy-a"><img decoding="async" src="https://straye.no/wp-content/uploads/2024/09/Morrow_Toppbilde_2024.jpg" width="1183" height="438" alt="Featured image for “Godt nytt fra Straye Industri”" loading="lazy"></span></figure><article class="x-div e2338-e6 m1sy-8 m1sy-9"><div class="x-text x-text-headline e2338-e7 m1sy-b m1sy-1 m1sy-3"><div class="x-text-content"><div class="x-text-content-text"><h2 class="x-text-content-text-primary">Goda nyheter från Straye Industri</h2>
</div></div></div><div class="x-text x-content e2338-e8 m1sy-c">Vi går nu in i 2025 med stor entusiasm och spänning inför ett vackert genomfört 2024 fyllt av många...</div></article></a></div></div></div></div>

<p>Gott nytt år från Straye! 2025 har varit ett tufft år för många entreprenörer i branschen. Trots detta har Straye - genom Straye Stålbygg, Straye Hybridbygg,...Projektledare, täta byggentreprenader Straye Gruppen Position vacant Straye Gruppen AS grundades 2007. Sedan dess har företaget vuxit till 150 anställda och...Goda nyheter från Straye Industri Vi går nu in i 2025 med ett stort... </p>
<div><a href="https://straye.no/sv/feed-sharepoint/industri/" class="more-link">Läs mer om</a></div>

<!-- This site is optimized with the Yoast SEO plugin v27.5 - https://yoast.com/product/yoast-seo-wordpress/ -->
<title>Industri - Straye</title>
<meta name="robots" content="noindex, follow" />
<meta property="og:locale" content="sv_SE" />
<meta property="og:type" content="article" />
<meta property="og:title" content="Industri - Straye" />
<meta property="og:description" content="Godt nytt år fra Straye! 2025 har vært et tøft år for mange entreprenører i bransjen. Likevel har Straye – gjennom Straye Stålbygg, Straye Hybridbygg,…Prosjektleder Tettbygg entrepriser Straye Gruppen Stilling ledig Straye Gruppen AS ble etablert i 2007. Siden den gang har selskapet utviklet seg til 150 ansatte, og…Godt nytt fra Straye Industri Vi går nå inn i 2025 med ... Read More" />
<meta property="og:url" content="https://straye.no/sv/feed-sharepoint/industri/" />
<meta property="og:site_name" content="Straye" />
<meta property="article:modified_time" content="2025-05-07T09:02:56+00:00" />
<meta name="twitter:card" content="summary_large_image" />
<meta name="twitter:label1" content="Beräknad lästid" />
	<meta name="twitter:data1" content="2 minuter" />
<script type="application/ld+json" class="yoast-schema-graph">{"@context":"https:\/\/schema.org","@graph":[{"@type":"WebPage","@id":"https:\/\/straye.no\/feed-sharepoint\/industri\/","url":"https:\/\/straye.no\/feed-sharepoint\/industri\/","name":"Industri - Straye","isPartOf":{"@id":"https:\/\/straye.no\/#website"},"datePublished":"2025-02-19T09:46:55+00:00","dateModified":"2025-05-07T09:02:56+00:00","breadcrumb":{"@id":"https:\/\/straye.no\/feed-sharepoint\/industri\/#breadcrumb"},"inLanguage":"sv-SE","potentialAction":[{"@type":"ReadAction","target":["https:\/\/straye.no\/feed-sharepoint\/industri\/"]}]},{"@type":"BreadcrumbList","@id":"https:\/\/straye.no\/feed-sharepoint\/industri\/#breadcrumb","itemListElement":[{"@type":"ListItem","position":1,"name":"Hjem","item":"https:\/\/straye.no\/"},{"@type":"ListItem","position":2,"name":"Feed","item":"https:\/\/straye.no\/feed-sharepoint\/"},{"@type":"ListItem","position":3,"name":"Industri"}]},{"@type":"WebSite","@id":"https:\/\/straye.no\/#website","url":"https:\/\/straye.no\/","name":"Straye Gruppen AS","description":"Straye","potentialAction":[{"@type":"SearchAction","target":{"@type":"EntryPoint","urlTemplate":"https:\/\/straye.no\/?s={search_term_string}"},"query-input":{"@type":"PropertyValueSpecification","valueRequired":true,"valueName":"search_term_string"}}],"inLanguage":"sv-SE"}]}</script>
<!-- / Yoast SEO plugin. -->

Godt nytt år fra Straye! 2025 har vært et tøft år for mange entreprenører i bransjen. Likevel har Straye – gjennom Straye Stålbygg, Straye Hybridbygg,…Prosjektleder Tettbygg entrepriser Straye Gruppen Stilling ledig Straye Gruppen AS ble etablert i 2007. Siden den gang har selskapet utviklet seg til 150 ansatte, og…Godt nytt fra Straye Industri Vi går nå inn i 2025 med ... Read More
